1 + -16. Let u = -29 + 39. What is the tens digit of -5 - 48*u/j?
2
Let o(x) = -515*x**2 - 4 + 515*x**2 - 6*x - 16*x**3. Let w be (-22)/10 + (-16)/(-80). What is the units digit of o(w)?
6
Let b be (-12 - 696/(-60))/(3/(-30)). Suppose -3*n = 6 - 30. Suppose b*u + 3*f - n*f = 321, f - 255 = -3*u. What is the tens digit of u?
8
Let m(z) = 50*z - 38. Let o be m(2). Let u = o + 209. What is the hundreds digit of u?
2
Suppose -5*w + 2286 = -r + 6114, 2*w = 12. What is the hundreds digit of r?
8
Let j(r) = -r**3 - 29*r**2 + 64*r + 40. Let l be j(-31). Suppose f - 3 = 5*d, f - 132 = -3*f - 4*d. Let q = f + l. What is the units digit of q?
6
Suppose 0*c + 4*c - 872 = 2*w, -w = c - 218. Suppose -2*x + c - 202 = 0. What is the units digit of x?
8
Suppose -2*i + 4 = -2. Let z be (-284)/12*(-1 + -2) - i. Suppose -4*f + z = -y + 20, 3*f = y + 37. What is the units digit of f?
1
Suppose -p + 3*s + 58510 - 14838 = 0, -3*p + 2*s = -130967. What is the thousands digit of p?
3
Suppose 40*v = 37*v + 39. Let g be v/(-26)*(-64)/(2/2). Suppose -34*x = -g*x - 36. What is the tens digit of x?
1
Let s(u) be the first derivative of -u**2 + 3*u - 11. Let j be s(5). What is the tens digit of 80 + j + (2 - 0)/2?
7
Suppose 1518 = 11*y + 4939. Let v = 497 + y. What is the tens digit of v?
8
Suppose 5*f - 5*t = 34 - 4, -5*f = 5*t. Suppose -2*g = -3*s + f, -2*g - 8 = -4*s - 0. What is the tens digit of ((-4)/g)/(50/(-9225))?
2
Let n = -134 + 129. Let f(w) = -w**3 - 5*w**2 - 3*w - 6. What is the units digit of f(n)?
9
Let x(n) be the second derivative of n**3/3 + 23*n**2/2 - 19*n. Let z be x(-9). Suppose z*p - 174 = 261. What is the units digit of p?
7
Let h be (-3)/2 - ((-462)/(-4))/11. Let z(b) = -7*b + 36. What is the tens digit of z(h)?
2
Suppose -1091*b - 708615 = -1118*b. What is the hundreds digit of b?
2
Suppose -4*g + 1 = 2*a - 5, -g + 6 = -4*a. Let v(d) = -61*d**3 - 2*d**2 + 3*d + 4. What is the units digit of v(a)?
0
Suppose -4*o = 2*x - 10, -5*o - x = -o - 9. Let v be (6/o)/(51/34). What is the units digit of (v + -1 + 93/(-15))*-5?
6
Let l = -55 + 63. Suppose 3 = f - l. Let c(i) = 7*i. What is the tens digit of c(f)?
7
Let i(z) = 32*z**2 + 25*z + 186. What is the hundreds digit of i(-16)?
9
Let b(j) = 3450*j - 10. Let n be b(1). Suppose -n = 3*v - 19*v. What is the hundreds digit of v?
2
Let s(u) = 1541*u**2 - 2*u - 3. Let j be s(-2). Suppose 9*v - j = -6*v. What is the hundreds digit of v?
4
Let o(a) = 6*a - 61. Let b be o(-6). Let u = 80 - b. What is the tens digit of u?
7
Suppose -3*q + 24489 = 3*k, 5*k + 2*q = 24171 + 16632. What is the hundreds digit of k?
1
Let i(s) = -s**2 + s + 2. Let y be i(0). Suppose -y*r - r = 6. What is the units digit of (0 - -340)*(3/(-2) - r)?
0
Let l(x) = 6*x**3 - 22*x**2 + 19*x + 11. What is the hundreds digit of l(5)?
3
What is the tens digit of (-40)/(3 + -5)*(-10478)/(-65)?
2
Let f(r) = -r**2 + 5*r - 143 + 50 + 69 + 17*r. What is the units digit of f(11)?
7
Suppose -105*q + 538712 = -1971943. What is the ten thousands digit of q?
2
Suppose 4*z - 20132 = -3*u + 1039, 0 = -2*z + z. What is the tens digit of u?
5
Let x(z) = -383*z - 109. Let k be x(4). Let j = 3285 + k. What is the thousands digit of j?
1
Let s = -86 + 54. What is the tens digit of 46 - (s/(-12))/(8/12)?
4
Let v(b) = 27*b - 5. Let k(z) = -z**2 - 2*z + 24. Let f be k(4). Suppose f = 4*t - 14*t + 60. What is the tens digit of v(t)?
5
Let r(f) = f**3 + 24*f - 9. What is the thousands digit of r(11)?
1
Suppose j - 3*n - 6563 = 2488, 3*n = -j + 9069. What is the units digit of j?
0
Suppose -4104 + 19953 = 9*i. What is the units digit of i?
1
Suppose -w + 424 = 5*b - 284, b = 4*w - 2748. Suppose -11*v + w = -10*v. What is the hundreds digit of v?
6
Suppose -17087*l = -17090*l + 20751. What is the thousands digit of l?
6
Let o be (1 + 25/(-10))*38. Let d = 11 + o. Let u = d - -110. What is the tens digit of u?
6
Let y(k) = -5*k**3 - 17*k**2 - 16*k + 28. Let b(l) = -9*l**3 - 33*l**2 - 31*l + 56. Let o(d) = 3*b(d) - 5*y(d). What is the tens digit of o(-8)?
6
Suppose -4*n + 0*s - s - 3174 = 0, -n - 5*s - 803 = 0. Let t = n + 1455. What is the hundreds digit of t?
6
Let q = -4 + 28. Let z = -8 + q. Let p = z - -19. What is the units digit of p?
5
Let g(f) = f**3 - 6*f**2 - 2*f + 1. Let c be g(8). Let p = c + 36. Suppose -s + 28 - 2 = t, 5*s = 4*t - p. What is the units digit of t?
1
What is the tens digit of 126/28*4/(-6) + 1 + 19988?
8
Let a(c) = -3*c + 5. Let y be a(3). What is the units digit of 0 - (y + -775 - -3)?
6
Let k(t) be the second derivative of 11*t**6/60 + t**5/60 + 25*t**4/12 + 29*t. Let m(q) be the third derivative of k(q). What is the tens digit of m(2)?
6
Let p(q) = q - 1. Let i = -53 + 56. Let b be p(i). What is the units digit of ((420/(-18))/(2/(-6)))/b?
5
Let b(j) = 2*j**2 - 8*j + 8. Let k be b(1). Let z(f) = 41*f**3 + 5*f**2 - 3*f. What is the tens digit of z(k)?
4
Let c = -311 - -2210. Suppose -11*p = -c - 125. What is the hundreds digit of p?
1
Let i be 0/(-4*-1*(-10)/(-8)). Let y(q) = -4*q**3 - 1. Let s be y(-1). Suppose 4*t + i*h = s*h + 919, 0 = -4*h - 4. What is the tens digit of t?
2
Let j = 3 - 15. Let o = -1917 - -1857. What is the hundreds digit of (j/10)/(o/14200)?
2
Let d(s) = 16*s**3 - 56*s**2 - 29*s + 29. What is the thousands digit of d(11)?
4
Suppose -6*v - 1 + 31 = 0. Suppose -36 - 11 = -4*l + v*m, -3*l + m = -49. Suppose l*g = 24*g - 306. What is the tens digit of g?
5
Let h be (-4)/((-5)/3 - -1). Let g be 15057/35 - (108/(-15))/9. Suppose 23 - g = -h*y. What is the units digit of y?
8
Let l = -2337 - -4128. What is the units digit of 42/231 + l/11?
3
Let o(f) = 87*f**2 + 509*f + 6027. What is the ten thousands digit of o(-12)?
1
Let y be 13 + 11/6 + (-2)/(-12). Let l be (2/3)/(y/(-2745)). Let n = -14 - l. What is the tens digit of n?
0
Suppose -92886 = -102*t + 76*t + 132092. What is the units digit of t?
3
Let t(d) = -2*d**3 + 28*d**2 + 73*d - 398. What is the hundreds digit of t(-18)?
0
Let r(m) = 6*m - 90. Let x be r(20). What is the hundreds digit of (-5*6/x)/((-1)/103)?
1
Let u(g) = 58*g + 8392. What is the tens digit of u(157)?
9
Let k = -46 - -45. Let j be -897 + 1 - (k - 3). What is the tens digit of 8/28 - j/14?
6
Let i be 8 - (1/3)/(9/54). Let v(a) = 2*a**2 + 4*a + 2. Let h be v(i). Let c = 49 + h. What is the units digit of c?
7
What is the tens digit of (-86 - -1)*-107 + (1 - (3 - 3))?
9
What is the ten thousands digit of (-646)/6137 + 1422361/19?
7
Suppose 3*u + 77998 = 160919 + 77279. What is the hundreds digit of u?
4
Let q(u) be the first derivative of -3*u**2/2 + 17*u - 2. Let a be q(4). Suppose 0 = 4*l + 4*g - 316, -4*l + a*l - 4*g = 64. What is the units digit of l?
6
Suppose 320 = 35*a - 33*a. Suppose -a = -4*m + 48. What is the tens digit of m?
5
Let i = 10138 + -820. What is the hundreds digit of i?
3
What is the ten thousands digit of 8 + (23/3 - (-25)/(-15)) + 37014?
3
Let x(n) = 79*n - 19. Suppose -401 = 6*g - 443. What is the tens digit of x(g)?
3
Let b = 776 + -379. Let g = b - -69. What is the units digit of g?
6
Suppose 2*z - 5*w = 20211, z - 10862 = -w - 767. What is the units digit of z?
8
Suppose 5*x - 130 = 4170. Let p = 2032 - x. What is the thousands digit of p?
1
Suppose -8010 - 47542 = -2*o - 3*u, 5*u = o - 27750. What is the thousands digit of o?
7
Let t be ((-567)/(-28))/(38/(-40) - -1). Let k be (-2)/((-12)/t) + 4/(-8). Let r = 28 + k. What is the units digit of r?
5
Let x(f) = -5*f + 26. Suppose 5*q - 32 = -2. Let r be x(q). What is the tens digit of 16*(r + 3)*-2?
3
Let c(v) = 2*v**3 + 300*v**2 + 159*v - 78. What is the thousands digit of c(-148)?
4
Suppose 0 = 5*f - 4*q + 5, 5*f - 3*q = 4*f - 12. Suppose f*m - 866 = -b + 159, 4*b - 1720 = -5*m. What is the units digit of m?
0
Let p(o) = 201*o + 1110. What is the tens digit of p(11)?
2
Suppose w - 17 - 13 = -5*p, -22 = -p + 3*w. Let c(l) be the first derivative of 7*l**2/2 - 23*l - 39. What is the tens digit of c(p)?
2
Suppose 0 = 4*f - 3*n - 11, -4*n + 3*n + 3 = 0. Suppose f*t = -4*l + 2126, 4*t + 1346 + 1332 = 5*l. What is the tens digit of l?
3
Let t = 19397 + -7539. What is the tens digit of t?
5
Suppose -4*l = 17*a - 21*a - 7924, 3958 = 2*l - a. What is the hundreds digit of l?
9
What is the thousands digit of 23/((-161)/(-84)) - -